6))?
5
Let o(s) = s + 41. What is the remainder when o(23) is divided by 25?
14
Let o(v) = 2*v**3 - 7*v**2 + 9*v + 1. Let z = 5 - 1. Calculate the remainder when o(z) is divided by 18.
17
Calculate the remainder when (-6)/14 + 4689/63 is divided by 38.
36
Let w = -192 - -233. Let n(k) = -55*k - 2. Let m be n(-2). Let g = m - w. What is the remainder when g is divided by 17?
16
Suppose -2*l - 7 = -119. Let y = -12 - -19. Suppose 2*p = 2*k + 44, -4*p = -y*p - k + 54. Calculate the remainder when l is divided by p.
18
Let f = -870 + 943. What is the remainder when f is divided by 8?
1
Suppose -90 = 2*x + 3*x. Let n = -8 - x. Let b = -583 - -587. Calculate the remainder when n is divided by b.
2
Calculate the remainder when (105/10 + -7)*2*6 is divided by 7.
0
Let d = -274 - -497. Suppose -4*v + 85 = -d. Suppose n - 28 = -8. Calculate the remainder when v is divided by n.
17
Let p = -67 - -62. Let c(u) = -u**2 - 10*u - 3. Calculate the remainder when 82 is divided by c(p).
16
Let i = 34 - 23. Let m = 41 - i. Calculate the remainder when 57 is divided by m*(0 + 2/4).
12
Suppose 0 = 9*n + 53 + 1. Let i(x) = -4*x - 14. What is the remainder when 28 is divided by i(n)?
8
Let a(m) = -m**3 - 13*m**2 + 12*m + 15. What is the remainder when 343 is divided by a(-14)?
42
Suppose -i + 0*p + 141 = 3*p, 2*p = 0. Calculate the remainder when i is divided by 1/1*41 + 30/(-6).
33
Let k(n) = -5*n + 18. Calculate the remainder when 193 is divided by k(1).
11
Suppose r = -3*j - 2 - 10, -4*j - 16 = 0. Suppose r = -4*u - 4*x + 8, u = -2*u + 3*x + 36. Calculate the remainder when 14 is divided by u.
0
Suppose 3*n = -0*q - q + 199, -3*q = -12. Suppose 13 - n = -c. What is the remainder when 155 is divided by c?
51
Suppose -22*y = 36*y - 812. Calculate the remainder when 45 is divided by y.
3
Let o = -30 + 36. What is the remainder when 2/3 - (-134)/o is divided by 12?
11
Suppose 0 = 5*l + 86 - 26. Calculate the remainder when (-8)/l - ((-134)/(-3))/(-2) is divided by (-119)/(-9) - 2/9.
10
Let i(n) = -n**2 - 34*n - 168. Calculate the remainder when i(-25) is divided by (0 - -1) + -1 + 10.
7
Let d = -463 - -486. Calculate the remainder when 226 is divided by d.
19
What is the remainder when (14/(-28))/(3/(-714)) is divided by (-8 - -6)/((-2)/24)?
23
Let d = -4 + 8. Suppose -136 = -8*k + d*k. Calculate the remainder when 168 is divided by k.
32
Suppose 10*g = 14*g - 44. Suppose g*u - 140 - 113 = 0. Calculate the remainder when 41 is divided by u.
18
Let f be 3/9 - 290/(-3). Let h = -40 + f. Let m = -18 + 33. Calculate the remainder when h is divided by m.
12
Let p(t) = -22*t + 24. Let j(x) = 23*x - 25. Let w(r) = -5*j(r) - 6*p(r). What is the remainder when (-308)/(-5) + 2/5 is divided by w(3)?
30
Let u = 111 + -105. Suppose -2*r + 17 = -67. Let d = r - 21. What is the remainder when d is divided by u?
3
Let g be (8 - 20/5) + 4*-1. Let z = -5 - -12. Calculate the remainder when ((-2)/(-6) - g)*(-22 + 58) is divided by z.
5
Let b = 4 - 6. What is the remainder when 2/1 + -1 + 36 is divided by 27/3 - (-6 - b)?
11
Suppose 112 = 40*d - 36*d. What is the remainder when 52 is divided by d?
24
Suppose -1750 = -51*j + 2687. What is the remainder when j is divided by 16?
7
Suppose 53 = 5*i - 7. Let p = i + -13. Calculate the remainder when 34 is divided by p/(-2 - -3) + 13.
10
Suppose -2*a + 0*a = m - 203, 0 = -3*m - 4*a + 607. Calculate the remainder when m is divided by 21.
12
Let h(q) = q**2 - 6*q - 56. What is the remainder when 108 is divided by h(14)?
52
Suppose -19*t + 741 + 589 = 0. What is the remainder when t is divided by 24?
22
Suppose -4*b + 2 = c - 2*c, -4*c + b = -52. Calculate the remainder when 124 is divided by c.
12
Let d be (-11)/(-2) + (20/8)/(-5). Suppose 8*v = d*v + 48. What is the remainder when 61 is divided by v?
13
Suppose 2*o + 30 = q - 5*q, 0 = -5*q - 25. Let h(b) = b**3 + 4*b**2 - 6*b + 3. What is the remainder when 28 is divided by h(o)?
4
Suppose -4 = r - 7. Suppose 3*b = -r*b + 666. Calculate the remainder when b is divided by 28.
27
Suppose 22 - 18 = 2*g. Suppose g*w - d = 21, 4*w + 3*d - 57 = -0*d. What is the remainder when 21 is divided by w?
9
Suppose -9*x + 6*x = -5*n + 220, -n = -4*x - 44. Calculate the remainder when 234 is divided by n.
14
Let f(q) = -q**2 - 34*q + 32. What is the remainder when f(-23) is divided by 16?
13
Suppose -q - i = -6*i - 36, q - 29 = -2*i. What is the remainder when q is divided by 25?
6
Let c = -13 + 33. Let m(d) = 3*d**2 + 58*d - 37. Let k be m(-25). Suppose w = 5*w - k. Calculate the remainder when w is divided by c.
17
Suppose q + 2*h = 2*q - 54, -5*h = -5*q + 270. Suppose -2*c + q = c. Let l = -155 + 188. Calculate the remainder when l is divided by c.
15
Let f(c) = 5*c**3 - 5*c**2 - 8*c - 11. Let b(j) = j**3 + j**2 + j - 1. Let l(i) = 6*b(i) - f(i). What is the remainder when l(-9) is divided by 22?
19
Let q(h) = -h**2 - 26*h - 101. Let l(k) = -k**3 + 14*k**2 - 8*k + 8. Calculate the remainder when l(13) is divided by q(-20).
16
Calculate the remainder when 110 is divided by 5/(-6) + (-371)/(-42).
6
Suppose 283 = 5*n - 7. Suppose -4*r + 4*f + 56 = 0, -f - n = -4*r + 2*f. Calculate the remainder when r is divided by 14.
2
Let x = -9 - -3. Let q be -3 + x/(-4)*2. Suppose q = 4*t + 3*n - 87, t = 2*t + n - 21. Calculate the remainder when 46 is divided by t.
22
Suppose -2*n + 10 = -5*a + 3*n, 20 = 4*n. Let l(r) = -3*r - r - r**2 - 3*r - 7. What is the remainder when l(-5) is divided by a?
0
Suppose -b + 36 = b + i, -3*b = -i - 49. Let g(u) = -2*u + 3. What is the remainder when b is divided by g(-3)?
8
Let w = 138 - 45. Let k = w + -149. What is the remainder when 13 is divided by ((-4)/14)/(2/k)?
5
Let x(a) = 2*a**2 + a - 1. What is the remainder when 9/(-27) + (-1 - 68/(-6)) is divided by x(1)?
0
Suppose -2*y - 4 = -6*y, -2*u = -3*y - 37. Suppose 18*b = u*b - 56. Calculate the remainder when 554/10 + 2/(-5) is divided by b.
27
Suppose -j = 2 - 5. Suppose 2*g + 2*i = 16, 0 = -g + j*g - 4*i - 46. Let l = 2 + 34. What is the remainder when l is divided by g?
10
Suppose -36 + 11 = -5*f. Suppose 0*j + 205 = -5*j - 4*b, 0 = 4*j - 2*b + 138. Let m = -19 - j. What is the remainder when m is divided by f?
3
Suppose 38 = 4*i - 2*i. Suppose -6*r + i + 65 = 0. Suppose -2*d + 88 = 2*d. Calculate the remainder when d is divided by r.
8
Suppose 0 = -2*o + 5*m + 156 + 85, 304 = 3*o + 4*m. Calculate the remainder when o is divided by (-6)/(-1 - 5/(-8)).
12
Suppose -483 = 19*b - 26*b. What is the remainder when b is divided by (-10)/55 + (-796)/(-22)?
33
Suppose 49 + 19 = -4*j. Let v = -4 - j. Calculate the remainder when v is divided by 238/(-34) + (13 - -1).
6
Let y be 36/(-27)*(6/4 + 0). What is the remainder when ((-104)/(-182))/(y/(-49)) is divided by 11?
3
Let i(f) = f**2 + 20*f - 23. Let o be i(-21). Let q(r) = -5*r**3 + 2*r**2 + 3*r + 2. What is the remainder when q(o) is divided by 16?
12
Let w(n) = n**2 - 5*n + 3. Let h = 11 + -6. Let s be w(h). Suppose -16 = -t - s*t. Calculate the remainder when 9 is divided by t.
1
Calculate the remainder when 717 is divided by 2/8 + (-35)/(-4).
6
Calculate the remainder when (-2 - 0)*(-3)/((-6)/(-349)) is divided by 32.
29
Suppose b + 180 = 7*b. Calculate the remainder when b is divided by 18.
12
Let j(a) = a**2 - 2 + 0*a**2 + 0*a**2. Let l = -175 + 179. What is the remainder when 40 is divided by j(l)?
12
Suppose -8550 = -w - 29*w. What is the remainder when w is divided by 48?
45
What is the remainder when 33 is divided by (-3 - 14/(-6))/((-21)/315)?
3
Suppose -3*z = 5*g - 87, 3*g + z = 2*z + 55. Suppose -g*w - 8 = -224. Calculate the remainder when (-6)/(-8)*(1 + 43) is divided by w.
9
Suppose 4*d - 16 = 4. Suppose d*s = 30 + 10. Suppose -3*r - 19 + 106 = 0. What is the remainder when r is divided by s?
5
Suppose 12*x - 1729 - 371 = 0. Calculate the remainder when x is divided by 64.
47
Let m = 2161 - 1235. Calculate the remainder when m is divided by 62.
58
Let l = 211 + -208. Let d = -4 - -1. Let m = d + 7. Calculate the remainder when m is divided by l.
1
Let z(k) = -11*k + k**2 - 5*k**2 + 10*k + 5*k**2 - 3*k**3. Suppose -g - 6*s = -2*s - 28, -4*g + s + 61 = 0. Calculate the remainder when z(-2) is divided by g.
14
Let r = -5 + 6. Let t(d) = d**3 + 15*d**2 - 15*d + 19. C